n(p). What is r(5)?
5
Let f(k) = -3*k + 5. Let p be 64/(-24)*(-3)/2. Determine f(p).
-7
Suppose 4*d + d = 0. Let l(f) = -f**3 - 5*f**2. Let n be l(-5). Let i(r) = 0*r**2 - 4 - r**2 + n. Give i(d).
-4
Let c(w) = w**3 + 4*w**2 + w - 5. Let u(v) = 5*v + 2. Let n be u(2). Let g(j) = j**3 + 13*j**2 - 14*j. Let l be g(-14). Suppose l = s + 2*s + n. Give c(s).
-9
Suppose 5 = g - 3*i, g + 5*i + 1 = 2*i. Suppose w = -4*s + 6 + 9, 0 = -2*w + 4*s - 6. Let v(y) = 2*y - w*y + 3 - y + 2*y**2. Determine v(g).
7
Let g(j) = j**2 + 2. Suppose -5*c - 16 = -7*b + 10*b, 3*c + 10 = -2*b. What is g(b)?
6
Suppose 6*o = 3*o. Suppose z + 3*v + 3 = o, -z + 2*v + 4 - 2 = 0. Let p(g) = 1 - 1 - g**2 - g. What is p(z)?
0
Suppose 5*y + 10 = -0. Let p = y + 2. Let i(g) = 0*g - 1 - g + g**3 + p. Determine i(-1).
-1
Let s(y) be the first derivative of -y**2/2 - y + 11. Determine s(2).
-3
Let p(x) = -27 + 2*x**2 + 0*x - 2*x + 29. Let t(m) = 2*m - 2. Suppose -2 - 4 = -3*c. Let w be t(c). What is p(w)?
6
Suppose 0*o - o - 2 = 0. Let z(f) = 5*f + 1. What is z(o)?
-9
Let m(z) be the second derivative of 0 + 0*z**2 + z - 1/720*z**6 + 0*z**3 - 1/60*z**5 + 1/12*z**4. Let y(n) be the third derivative of m(n). Calculate y(-3).
1
Let l(t) = 5*t - 7*t - 7*t. What is l(-1)?
9
Let h(y) = y**3 - 9*y**2 + 3*y - 10. Let f be h(9). Let o(u) = 0 - u + 18*u**3 - 1 + 4*u**2 - f*u**3. What is o(-3)?
11
Let p(a) be the second derivative of a**4/3 - a**3/6 - 9*a. What is p(2)?
14
Let k(p) = -p + 0*p - 12 + 0*p - 4. Give k(-8).
-8
Let b(i) = -i**2 + 10*i - 25. Let a be b(5). Let n(v) be the third derivative of -v**4/24 - 2*v**3/3 - v**2. Give n(a).
-4
Let a(h) = 50 - 7*h**2 + 51 - 98 + h**3 + 3*h. Calculate a(6).
-15
Let r be (-105)/15 + -1 + 5 - 0. Let t(y) = 5*y - 1. Give t(r).
-16
Let k(v) = v**2 - 6*v + 1. Let b(a) = a**2 - a - a - 3*a. Let y(l) = 3*b(l) - 2*k(l). Give y(4).
2
Let f(i) = -3*i. Let h(u) = u**3 + 12*u**2 - 13*u - 7. Let a be h(-13). Calculate f(a).
21
Let m(r) = -3 - 2*r + 2 + 3. Suppose -3*f + 2 + 4 = 0. Suppose 0 = -j - f*j - 6. Give m(j).
6
Let z(g) = g**2 + 2*g + 5. Let c be z(3). Suppose 5*r = -0*r - c. Let i(j) = j. Calculate i(r).
-4
Let d be 2/(-3) - (-14)/(-6). Let p = 23 - 20. Let k = p + d. Let g(f) = f**2 + 5. Calculate g(k).
5
Let n(k) = k**3 + 2*k**2 - 8*k + 2. Let a(g) = -g**2 + g. Let m(s) = 5*a(s) + n(s). Suppose 2*v = 2*x + 2*x + 2, 4*v + 4*x = 16. Calculate m(v).
-7
Let i = -41 + 57. Suppose -2*b + x + 12 = -x, i = -4*x. Let y(s) be the first derivative of -s**4/4 + 5*s**3/3 - 3*s**2/2 + 1. Determine y(b).
6
Let k(d) be the second derivative of -2*d + 0 - 1/12*d**4 - d**2 + 1/6*d**3. What is k(0)?
-2
Let p = 7 - 3. Suppose p*r = -r + 5. Let l(n) = 11*n + 2. Let z(h) = -12*h - 3. Let c(i) = 4*l(i) + 3*z(i). What is c(r)?
7
Let o(s) be the second derivative of s**4/12 + 7*s**3/6 + 2*s**2 - 2*s. Let u be (-2 - (-22)/5)*5. Suppose -5*g - u = 2*p, 2*p - 4 = 3*g + 16. Determine o(g).
-8
Let k be 5*(4 - 3)*1. Let d(l) = -1 + 6*l - 2*l**2 + 0 + l**2. Calculate d(k).
4
Let t(g) = g + 2. Let p be t(1). Let l(j) = 2*j - 1 - 6*j**p - 6*j**3 + 0. Determine l(1).
-11
Suppose -8 - 4 = 4*n. Let i(r) = -r**2 + r + 3. Determine i(n).
-9
Suppose 0 = 2*a - 0 - 6. Let p be 6/4*12/9. Let u(m) = -4*m + p*m + m. Calculate u(a).
-3
Let u be (-15)/(-6)*2 - 1. Let x(r) = u + r - r**2 + 2*r - 8*r. Let d be x(-6). Let m(v) = -3*v + 1. Determine m(d).
7
Let x(z) = 2*z. Suppose 1 = 2*k - 5. Let u(s) = 6*s. Let a(c) = k*u(c) - 6*x(c). Let l(m) = m**3 + 10*m**2 - m - 9. Let i be l(-10). Calculate a(i).
6
Let u be 4 - (-3 - (-2 - -3)). Let q(z) = 2*z**2 - z**2 + 4*z + u - 5. What is q(-5)?
8
Suppose -4*l - 2 = 3*g - 4, 2*l - 8 = 2*g. Let d be (12/14)/(10/35). Let k(m) = 11*m - d*m**2 - 8*m + 1 + 0*m**2 + 4*m**2. Calculate k(g).
-1
Let r(f) be the first derivative of f**3/3 + 7*f**2/2 + 5*f + 43. Give r(-7).
5
Let i be (12/18)/((-4)/30). Let f(s) = -s**3 - 5*s**2 - 2*s - 7. Give f(i).
3
Let k be 3/(-6) - 5/(-2). Let t(s) = -s - 4*s - s**2 - k + 0*s**2 + 1. What is t(-4)?
3
Let x(k) be the first derivative of k**3/3 + k**2 + 49. Calculate x(2).
8
Let c be (-16)/(-24)*(-9)/(-2). Let h be -2 + 7 + (2 - c). Let g(l) = -4*l**2 + 6*l**2 - 4 - 3*l**2 + 6*l. Give g(h).
4
Suppose -3*n - 2 = -4*r, -8 = -5*n - 0*r + r. Let y(q) = 1 + 3 - n*q + q. Calculate y(-3).
7
Let o be (0 - (-6 - -3)) + 1. Let t(m) = -3 - 4*m + 2*m + 0*m + o*m. Suppose 3*y + 28 = 4*r, -5*r - 3*y + 1 = -7. Give t(r).
5
Let x(i) = -i**2 + 16*i - 11. Let t be x(16). Let n(b) = 3*b**2 - 2*b + 7. Let p(o) = -5*o**2 + 4*o - 13. Let l(g) = t*n(g) - 6*p(g). Give l(-2).
-7
Let y(m) = m - 11 - 4*m - 3*m + 15 + m**2. Give y(5).
-1
Let f(x) = -x**3 + 4*x**2 - 2*x - 2. Let v be (-68)/(-18) + 32/144. Calculate f(v).
-10
Suppose -l - 9 = 3*k, -5*l - 7 = -6*k + 2*k. Let u(y) be the third derivative of -1/24*y**4 + 0*y - 1/60*y**5 + 0 - y**2 + 1/3*y**3. Determine u(k).
0
Let f(s) = s**3 + 3*s**2 + 3*s + 2. Let h(t) = -t**3 + 5*t**2 + 3*t - 6. Suppose 4*g - 15 = 5. Let v be h(g). Let r be (-2)/v - 50/18. What is f(r)?
-7
Let y(b) = -b**3 - 6*b**2 - b - 3. Let t be y(-6). Let q(k) be the first derivative of -3/2*k**2 - 1/4*k**4 - 3*k - 1 + 4/3*k**t. Calculate q(3).
-3
Let h(g) = -3*g**3 + 2*g - 3. Let z be h(1). Let t(l) = l**2 + 10*l + 2. Calculate t(z).
-22
Let f(m) = m - 9. Let l be 0/(-1 - 3/(-1)). What is f(l)?
-9
Suppose 0*d + 5*d = -5*q + 20, -5*d + 40 = -5*q. Let t(a) = 4 + d*a - 1 - 5. Determine t(2).
10
Let l = -28 + 56. Suppose -r + 20 = -4*a, 3*r - 3*a - l = a. Suppose 0*i = -r*i - 12. Let q(b) = -b**2 + 1. Determine q(i).
-8
Let b(t) = 2*t**2 + 5*t + 3. Let a(v) = v**3 - 4*v**2 - 2*v + 5. Let i be a(4). Let k be b(i). Let n(z) = z - 7. Calculate n(k).
-1
Let y(l) = -7*l**3 - l**2 + l - 1. Suppose s - 7 = -2. Suppose 7 = r - 3*x, 3*r + s*x - 2*x + 3 = 0. Give y(r).
-8
Let l(a) = a**2 - 1. Let j(c) = 3*c**2 + c - 3. Let h(p) = 4*j(p) - 11*l(p). Calculate h(-3).
-4
Suppose 0 = f - 0*f + 4. Let s(w) = w - 12. Let r(z) = 8*z + 29. Let j(u) = 3*u + 10. Let x(y) = -11*j(y) + 4*r(y). Let g(b) = -3*s(b) - 5*x(b). What is g(f)?
-2
Let c = 210 + -419/2. Let z(n) be the first derivative of -1/3*n**3 - 2 + 5*n - c*n**2. What is z(0)?
5
Let w(v) = -v + 5. Suppose 5*g = 3 + 12. Suppose 4*o = g*o + 5. Determine w(o).
0
Let i(z) = 1 + 3*z**3 - 7*z**3 + 4*z**2 - 5*z + 5*z**3. Give i(-5).
1
Let v(r) = -4*r + 6. Suppose 2*b - 3*b = 0. Let a be 1/2*b + -2. Let c be (20/(-15))/(a/6). Give v(c).
-10
Let a(c) = -c**3 + 9*c**2 - 6*c - 8. Suppose 3*y - 108 = -84. Determine a(y).
8
Let n(s) = -s**3 + 17 + s + 0*s**3 + 2*s**2 - 3*s**2 + 3. Let g be n(0). Suppose 0 = 3*p + p - g. Let k(r) = -3*r + 5. What is k(p)?
-10
Let u = 67 - 67. Let v(q) be the third derivative of u*q + 1/3*q**3 + 3*q**2 + 0 + 1/24*q**4. Determine v(3).
5
Let p(c) be the third derivative of c**6/120 + c**5/12 + c**4/12 + c**3/3 + 14*c**2. Determine p(-4).
10
Suppose -4*d + 8 = 2*t, -3 = -3*d - 2*t - t. Suppose 20 = 4*f + i, 2*f - 4 = 2*i - 4*i. Let a(o) = -5 - o + f - o + o**d. Determine a(2).
5
Let o(z) be the third derivative of z**6/120 - 2*z**5/15 - z**3/6 + 4*z**2. Let x be o(8). Let w(g) = 7*g**3 + g**2 + g + 1. Give w(x).
-6
Let y(u) = 3*u**2 - u**2 - u**2 + 1 - 3*u**2. Suppose -4*d - 3 = 1. Give y(d).
-1
Suppose -6*w = -3*w. Let c = 2 + w. Let a(j) = 5*j**2 - 10*j**2 - 2 + j**2 + 2*j**3 + 4*j. What is a(c)?
6
Let f(t) = -88 + 0*t + 175 + t**2 - 90 + 3*t. Let y(s) = 4*s + 3. Let m be y(-2). What is f(m)?
7
Let a = 20 - 13. Let b(q) = -5*q**3 + 11*q**2 + 2*q - 4. Let r(n) = 2*n**3 - 5*n**2 - n + 2. Let p(f) = a*r(f) + 3*b(f). Give p(-2).
4
Let w(o) = 1. Let l(q) = q - 1. Let a(v) = l(v) + 2*w(v). Suppose 9 + 0 = -g + 2*f, -4*g - 16 = 2*f. Determine a(g).
-4
Let h(x) = 3*x**3 + x**2 - 2*x + 2. Let r be h(1). Let l(p) = p**3 - 5*p**2 + 2*p - 5. Determine l(r).
-13
Let p(o) = -o**3 - 7*o**2 - 6*o + 8. Let i be -7 + (-2)/2 - 2/(-1). What is p(i)?
8
Suppose -6 = 2*h - q, 4*h - 5*q + 24 = -0*q. Let o(y) = 3*y**2 - 4*y**2 - 7*y**3 - 5*y + 5*y. What is o(h)?
6
Let q(k) be the third derivative of -k**7/1680 - k**6/720 + k**5/10 + 8*k**2. Let v(o) be the third derivative of q(o). Determine v(-1).
2
Suppose 44 = 5*o + 4*z + 5, 5*o - 71 = 4*z. Let c = o + -8. Let u(p) = -14 + 47 - 19 - 12 + p. What is